the remainder when 31 is divided by d.
14
Suppose 0 = -3*a + 2*o + 19, -5*o - 20 - 5 = 0. Calculate the remainder when a is divided by (-4)/3*9/(-6).
1
Suppose -5*a + 10 = -15. Calculate the remainder when a is divided by 4.
1
Suppose 43 = -2*y + 153. Suppose -y = -2*p + 7*p. Let n = 16 + p. Calculate the remainder when n is divided by 2.
1
Let u = 11 - 10. Let s(t) = 5*t**2. Let m be s(u). Suppose -13 = -m*o - 3. What is the remainder when 7 is divided by o?
1
Let k = 100 + -88. What is the remainder when 16 is divided by k?
4
Let u(o) = o**3 - 6*o**2 - 5*o + 8. What is the remainder when 87 is divided by u(7)?
21
Let x be (0 - 0)*2/(-4). Suppose t - 62 = -2*r, -4*t + 236 = -x*t + 2*r. Calculate the remainder when t is divided by 20.
18
Let y(h) = 3*h + 4. Let s be y(5). Let w = -3 + 8. What is the remainder when 17 is divided by s/3 - w/15?
5
Let u(m) = 5*m + 14. What is the remainder when u(8) is divided by 11?
10
Let a = -4 - 10. What is the remainder when (-3 + 1)*a/4 is divided by 4?
3
What is the remainder when 10 is divided by (40/24)/((-10)/(-36))?
4
Let t = 2 + -1. Suppose t = f - 14. Let r(g) = 2*g - 2. What is the remainder when f is divided by r(5)?
7
Let z(o) = o**3 + 2*o**2 + 5*o - 6. Calculate the remainder when z(3) is divided by 29.
25
Let o(b) = -4 - 2*b + 4*b + 2. Calculate the remainder when o(3) is divided by 2.
0
Let h = 52 - 29. What is the remainder when h is divided by 8?
7
Suppose -2*k = -7*k + 10. Calculate the remainder when (-1 + 5)*34/8 is divided by 1/k - (-38)/4.
7
Let p = -2 + 4. Suppose 2*g - 3 = 4*w + 63, -2*g + 54 = p*w. Calculate the remainder when g is divided by 10.
9
Let o = -85 + 202. Calculate the remainder when o is divided by 30.
27
Suppose -5*h = 25, -3*h + 75 = -i + 3*i. Let y be i/(-4) - (-1)/4. Let m = y - -19. Calculate the remainder when m is divided by 3.
2
Let x = 52 - 26. Suppose 2*w - x = -2*b, 2*w - 18 = -3*b + 5. Calculate the remainder when 30 is divided by w.
14
Let g = 5 + -2. Calculate the remainder when 10 is divided by g.
1
Let v = -3 - -6. Suppose v*o - 99 - 30 = 3*t, 168 = 4*o - 5*t. Calculate the remainder when o is divided by 16.
15
Let w(k) = k**3 + 16*k**2 + 14*k + 13. Suppose 0 = -4*n + 3*g + 103 + 102, 0 = -n - g + 60. Calculate the remainder when n is divided by w(-15).
27
Suppose -7*g + 82 = 2*h - 2*g, -5*h = -2*g - 263. Calculate the remainder when 101 is divided by h.
50
Suppose -2*j + 239 = -145. Calculate the remainder when j is divided by 13.
10
Let d = -17 - -32. Suppose 0 = f - 3*t - 8, -40 = -f + t - 6*t. Let s = f + -12. Calculate the remainder when d is divided by s.
7
Suppose 3 + 46 = b. What is the remainder when b is divided by 17?
15
Let b(c) = c**2 - 3*c + 6. Let m(i) = i**2 - 7*i + 5. Let x be m(6). Let p(q) = -31*q**3 - 1. Calculate the remainder when p(x) is divided by b(5).
14
Let o(s) = s**2 + 3*s + 3. What is the remainder when o(-10) is divided by 19?
16
Suppose -4*m + 15 = -5. Calculate the remainder when 9/(0 + 0 + 1) is divided by m.
4
Let u(r) = -7*r. Let m be u(4). Let p = 6 - m. Let g = p + -17. Calculate the remainder when g is divided by 9.
8
Let d(c) = -c**3 - 9*c**2 - 10*c - 2. What is the remainder when 40 is divided by d(-8)?
12
Suppose 0 = -3*k + 3*j + 2*j + 101, -4*j = -k + 43. Calculate the remainder when k is divided by 15.
12
Let n(u) = 12*u**2 + 1. Let q(y) = 5*y**3 - y**2 - y - 1. Let v be q(2). Let t = 5 + v. What is the remainder when t is divided by n(-1)?
12
Let b = -45 - -11. Let a = 68 + b. Suppose 0 = -m + 6*m - 90. What is the remainder when a is divided by m?
16
Let g(s) = 2*s + 2*s - 2 + s. Calculate the remainder when 22 is divided by g(2).
6
Suppose 0*m - 112 = 4*m. What is the remainder when 65 is divided by ((-17)/2)/(7/m)?
31
Let h = 79 + -47. Suppose 5*j = j + h. Calculate the remainder when j is divided by (15/(-9))/((-2)/6).
3
Let k(r) = 6*r**2 - 3*r + 1. Suppose 4*q - 8 = 0, -2*c + 3*q = -3*c - 1. Let o be (c + 9)*(-1 - -2). Calculate the remainder when 54 is divided by k(o).
16
Let s = -37 + 92. What is the remainder when s is divided by 19?
17
Suppose -2*d + 32 = -8. Suppose 4*j = 2*c + j - 15, -d = -c - j. What is the remainder when c is divided by 4?
3
Suppose -b + 18 = 4*u + u, b - 2*u - 53 = 0. Calculate the remainder when b is divided by ((-45)/6)/((-1)/2).
13
Let r(n) = -18*n - 9. What is the remainder when 187 is divided by r(-2)?
25
Let w be (2/(-6))/((-2)/42). Let i = -6 + w. Let f(q) = -q**3 + 6*q**2 - 4*q - 4. What is the remainder when i is divided by f(5)?
0
Suppose -12 + 0 = -4*m. Let x = 9 + -3. Let w(g) = g**3 - 6*g**2 + 2*g - 6. Calculate the remainder when w(x) is divided by m.
0
Suppose 2*n = -8*k + 3*k + 30, -1 = 3*n - 4*k. Suppose 2*u + n*x - 19 = 4*x, 0 = 5*x - 15. Calculate the remainder when 23 is divided by u.
7
Suppose o + 46 = 3*o. Let i = 197 - 129. What is the remainder when i is divided by o?
22
Suppose 95 = 6*o - 7. What is the remainder when o is divided by 9?
8
Suppose -2*o + 87 = -p, -6*o - 113 = -9*o + 5*p. Calculate the remainder when 89 is divided by o.
43
Suppose -v - 4*v = -95. What is the remainder when 56 is divided by v?
18
Suppose -4*m + 346 = 3*r, 6*r - 2 = 5*r. Let l(z) = -z**3 + 5*z**2 + 3*z + 2. What is the remainder when m is divided by l(3)?
27
What is the remainder when (-2 + 14)*(-2)/(-4) is divided by 9/6 + (-7)/(-14)?
0
Suppose -h + 0*u + 4*u = 5, h - 16 = -3*u. Calculate the remainder when 27 is divided by h.
6
Suppose -21 = 4*f - 3*c, 43 = -f - f - 5*c. Let u(h) = -h + 13. What is the remainder when u(f) is divided by 6?
4
Suppose -3*i = -8*i + h + 10, -3*i + 24 = 3*h. Calculate the remainder when 4/(-10)*(-285)/i is divided by 20.
18
Suppose 0 = 5*g + 5*v - v - 48, -15 = 5*v. Suppose -93 = -2*a + u, -2*a - 5*u + 2*u = -97. Calculate the remainder when a is divided by g.
11
Suppose -i = i + 6. Let h = 8 + i. What is the remainder when 17 is divided by h?
2
Let i(v) = 2*v**2 + 13*v + 10. Let u be i(-9). Let w = -36 + u. Let n = -2 + w. What is the remainder when n is divided by 9?
8
Let g = -152 + 162. What is the remainder when 38 is divided by g?
8
Suppose 0 = 3*z + 11 + 1. Let s = -4 - z. Suppose s = 5*v + 20, v - 4 = -4*k + 4. Calculate the remainder when 4 is divided by k.
1
Suppose 27 = 2*o - 5*f, -4*o + 0*f + 39 = -5*f. Calculate the remainder when 17 is divided by o.
5
Suppose -12 = i - 4. Let k = i - -16. Calculate the remainder when 8/(-6)*66/(-4) is divided by k.
6
Suppose -6 = j + n, 4*j = 3*j + 3*n + 14. Let c be -9 - (-1 + 0) - j. Let l(m) = m + 11. Calculate the remainder when 10 is divided by l(c).
2
Suppose 50 = 8*n - 62. Let f(v) = -v**3 + v + 5. What is the remainder when n is divided by f(0)?
4
Let d = 410 - 342. Calculate the remainder when d is divided by 1/(2 + -1) + 22.
22
Let z(g) = g**2 - 6*g - 2. Calculate the remainder when z(-4) is divided by 20.
18
Let b = -50 + 13. Let s = b - -56. Suppose -3*w + 81 = -27. What is the remainder when w is divided by s?
17
Let j(l) = -l**3 - 5*l**2 + 7*l + 1. Let k be j(-6). Let m = 6 + k. What is the remainder when m is divided by 1?
0
Suppose 2*k = 9 - 3. Suppose 0 = -q + 5*o - 7, 0 = -k*q + 2*o + 3*o - 1. What is the remainder when 5 is divided by q?
2
Let q = 11 - -22. What is the remainder when q is divided by 12?
9
Suppose 0*l + 2*l = 10. Suppose -4*x + 8 = 0, -5*x + 0 = -g + 3. What is the remainder when g is divided by l?
3
Let z(y) = y**2 + 4*y**2 + y**3 - 10 + 4*y + y**2 + 5*y**2. Calculate the remainder when z(-10) is divided by 13.
11
Let v be (0 + 2)/4*6. Suppose -4*d + 2*w - 7*w + 101 = 0, 2*d = -3*w + 53. Suppose v*a - 5 - d = 0. Calculate the remainder when 14 is divided by a.
6
Let g = -25 - -91. What is the remainder when g is divided by 37?
29
Let b = 93 + -21. Suppose 0 = 3*o - b - 75. What is the remainder when o is divided by 17?
15
Suppose 0*h = -4*h + 280. What is the remainder when h is divided by 12?
10
Let g be (-4)/8 + (-53)/(-2). Let d = g - 8. What is the remainder when d is divided by 25*((-16)/10 + 2)?
8
Suppose 2*m + 10 = 3*m. Calculate the remainder when (57/(-6))/(1/(-2)) is divided by m.
9
Let d(w) = -5*w - 1. Suppose -2*u = -4*u - 2. Let g be d(u). What is the remainder when 43 is divided by (10/4)/(g/24)?
13
Suppose -f + 0 = 1, -17 = 2*x - f. Let o be -1